 is the value of -10 - (8 + 1 + -2 - (6 - -17))?
6
What is -7 + (-1 - (19 - 39))?
12
What is the value of 8 - (-41 + 56) - (1 - -9)?
-17
What is the value of -2 - (-15 + (12 - -7))?
-6
Evaluate -16 - (-3 + 17 + -2 + -29).
1
37 + (5 + -23 - (-19 - -15))
23
Evaluate -21 - -5 - 7 - (49 + -54).
-18
Calculate 6 + -5 + 11 + -9 + 15.
18
17 - 0 - (-27 + 30)
14
Calculate (1 - -7) + 5 - ((-3 - 1) + 6).
11
Calculate (74 - 52) + -7 + -4 + 13.
24
Calculate -2 + 5 + -10 + (0 - 4).
-11
Evaluate 172 + -156 - (-8 + (3 - 0)).
21
Calculate -37 - (5 - 26) - -16.
0
(37 - (51 + -25)) + (9 - -1)
21
0 + 10 - -2 - (-36 + 13 - -13)
22
Evaluate 14 - (-15 + (6 - 0) + 11).
12
(14 - 6) + 2 + 0 + 30 + -24
16
What is (3 - ((6 - -2) + (5 - -2))) + 0?
-12
Calculate -7 + 3 + (-1 - (2 + 6)).
-13
Calculate (5 - 14 - (-2 - -9)) + -18.
-34
What is (131 - 136) + (-6 - -1) + 1?
-9
What is the value of -11 + -17 + 21 + 19?
12
Calculate (-334 - -327) + (-1 - -1) + -3.
-10
What is (10 - (1 + -3 + 1)) + 3824 + -3841?
-6
Calculate -46 + (-16 - (-47 + (27 - 8))).
-34
What is 1 - 0 - (-25 + 28) - 2?
-4
What is the value of -2 + 9 - ((-6 - 13) + 10)?
16
Evaluate 33 + (49 - 66) - (-1 - -15).
2
What is (-1 + -4 - (-67 + 57)) + 0?
5
Calculate 0 - 6 - (-40 + -26 + 25).
35
Calculate (-89 - -90) + -3 + -4.
-6
(-62 - -73) + -2 + -6 + 3 + 1
7
What is -11 - -2 - (31 - 24 - 22)?
6
What is 1805 - 1794 - (23 - (1 + -2))?
-13
Evaluate (-10 + (18 - 13) - 0) + 7.
2
What is the value of 16 - 9 - -2 - (-9 + 13 + -6)?
11
-18 + -8 + (-12 - -8)
-30
Evaluate -10 - (3 - ((-63 - -58) + (-19 - -1))).
-36
Evaluate -3 - (-18 - (14 - (-18 + 29))).
18
What is 6 + -6 + 1 + (-23 - -35)?
13
Calculate -4 + -2 + 12 - (-3 - -1).
8
What is the value of (1 - (-4 + 0 - -8)) + 16?
13
What is the value of 17 + -12 + -5 + 0 + -2 + 3?
1
Calculate 59 + -64 + 31 - ((0 - 0) + 10).
16
Evaluate -10 + (-4 - -2 - (-16 - -9)) + 1.
-4
11 + -14 + -5 + 12
4
Calculate -28 + 11 - (-10 + (-2 - -8)).
-13
44 + (5 - ((22 - 9) + -5 - -1))
40
What is the value of -10 - (5 + (-50 - -6)) - 7 - -1?
23
Evaluate (9 - (-30 + -7)) + -31.
15
What is the value of 244 + -259 + -3 + -1?
-19
-7 + (10 - -5) + -7 + 7
8
19 - (4 - 15) - 11
19
Calculate (14 - 21) + -5 + 10.
-2
Evaluate 18 - (-29 - -17 - -20).
10
-8 + 10 + 6 - 7 - 12
-11
What is 23 + (-5 + 12 - (-9 + 21))?
18
-4 + 0 + 41 + -35 + 27
29
-17 + -3 - (-28 - -15)
-7
Calculate -16 + (5 - -21) - -11.
21
What is 0 - -39 - (59 - -9)?
-29
What is -3 + 12 + -5 + 0?
4
What is -7 - -16 - -2 - (0 - -7 - 1)?
5
What is -22 - (-19 - -8) - ((-1 - 1) + 2)?
-11
(293 - 278) + 0 + 3 + 4 + -2
20
What is 7 + (19 - (15 + -14 + 13))?
12
17 + 15 + (7 - 50)
-11
Evaluate (-37 - -42 - (0 - -7)) + -7.
-9
Evaluate (121 - 103) + -9 + 1.
10
2 + -4 + (2 - 2) + -1 + 6
3
6 - (10 - (7 + 4) - 4)
11
What is the value of 6 + -11 + -2 + (-11 - -15)?
-3
What is 0 + 5 + (4 - 2 - (11 + -7))?
3
Evaluate -20 + 33 + -1 + 10.
22
Calculate -80 + 75 + 9 + -25.
-21
-5 + 3 + -1 + 1 + -7 + 8
-1
Calculate (5 - (-5 + 9 - 0)) + -44 + 22.
-21
Calculate 1 + (-5 - 12) - (-5 + -1) - -28.
18
What is -1 - ((-4 - -8) + 8)?
-13
What is -11 - (-34 - -36 - (-9 + 1))?
-21
(-37 + 41 - (0 - -7)) + -4
-7
What is the value of (15 - (16 + -25)) + -15?
9
Calculate -1 - (1 - 7 - -9) - (-22 + 2).
16
What is the value of 35 - (14 - -4 - -14)?
3
What is the value of (-724 - -729) + (0 - -10)?
15
What is the value of -3 - (-15 + 1) - (-12 - -4)?
19
Calculate (-8 + 0 - (-16 - -13 - 1)) + 1.
-3
Evaluate -86 + 85 - (-1 - 1 - 2).
3
What is the value of (-61 - -73) + (0 - 4) + 0 + -2?
6
What is (4 - 16) + -5 + 6?
-11
What is -1 - (6 + -4 - 4)?
1
Calculate (0 - 9) + (3 - (-2 - (-15 - -7))).
-12
What is -25 - (23 + -51) - (1 + -2 - -20)?
-16
What is (-31 - (39 + -77)) + (11 - 1)?
17
What is (178 - 162) + 3 + 1 + -34?
-14
Evaluate (-1 + -2 - (-147 + 158)) + (-1 - 1).
-16
What is the value of -140 + 99 - (-35 - 1)?
-5
0 - (2 + 1 + (-19 - -11))
5
Evaluate 19 + (-19 - 0) + 12.
12
-19 + 25 - (-4 - (1 - (-3 + 13)))
1
What is the value of 22 + -20 - (12 + (5 - 8))?
-7
16 + 31 + -48 + -10 + 1
-10
What is the value of (-31 - (20 + -44)) + 22?
15
What is the value of 6 + (19 - (-20 + 27))?
18
(14 - 2) + (-4 + 0 - -13)
21
Evaluate 5 - -15 - (17 - (13 - 7)) - 11.
-2
7 + (3 - 2 - ((-9 - -19) + 6))
-8
Evaluate -6 + 0 - (-2 - -13 - (174 + -132)).
25
-14 + 14 + 5 + -2 - -7 - 3
7
Calculate 0 + -8 - ((41 - -23) + -82).
10
What is (3 - 8 - (-34 + 34)) + 26?
21
3 + (7 + 0 - (2 + -5 - -18))
-5
3 + 18 + -31 + -8 + 9
-9
What is the value of 18 + -19 + -11 + (-2 - -34)?
20
What is 16 + (-11 - 4) + 3 + 0 + -3?
1
Calculate -27 + 38 + -3 + -5.
3
-144 + 117 - (-5 + -16)
-6
What is -20996 + 21008 - (0 + -1 + -1 + 1)?
13
Calculate 11 + (-4 - 5) + (-2 - 0).
0
What is 0 + (0 - 13) + 7 + -5?
-11
Calculate 4 + (11 - -2 - (10 + -2)).
9
Calculate -2 - (8 - -1) - (67 - 65).
-13
What is the value of (14 - (-7 - (9 + -14))) + -20?
-4
Evaluate (9 - (0 - -25)) + 6.
-10
Evaluate (-12 - -5 - 1) + -3 + 4.
-7
Evaluate -18 + (-11 - 12) + 20.
-21
Evaluate 36 - (-17 - (-41 - -4)).
16
What is the value of -5 - -2 - (-14 + 1 + -13 + 10)?
13
What is (1 + -6 - (-19 - -8)) + (-1 - -2)?
7
Calculate 14 + 6 + -5 + 1 - (-39 + 39).
16
Evaluate 2 + -20 + (-3 + -3 - 1).
-25
Evaluate (5 + -1 - (36 + 1 + -31)) + -19.
-21
-2 + -19 - (5 + -14)
-12
What is the value of (-6 - ((3 - 1) + -1)) + 27 + -10?
10
What is the value of -12 - -1 - (-34 - -80 - 32)?
-25
What is 11 + -7 + -2 + 15?
17
What is the value of (-16 - -20) + -19 - -31?
16
What is -45 + 66 - 0 - 36?
-15
What is 12 + (-25 - (-2 + -14)) - (22 + 0)?
-19
What is (-1 - -10 - (-2 + 4)) + (-300 - -304)?
11
Calculate 3 + -3 + (0 - -13) + 0 + -4.
9
What is (-17 - -12 - -11) + -9 - (2 - 14)?
9
What is -13 + 8 + -7 + 10 + -10 + -7?
-19
What is 24 - (16 - 5) - 11?
2
Calculate (9 - 6 - 3 - -9) + -3.
6
What is 14 - (-13 + 7 - (-3 - 0))?
17
Calculate -1 - -1 - (-14 - (-10 - -1)).
5
Calculate (5 - 1) + (14 - 30 - -39) + -18.
9
What is the value of 3 - 2 - (1 - (-16 + 3))?
-13
(11 - (22 - 14) - (-1 - -3)) + 2
3
What is the value of (-1 + 8 - 0) + -63 + (37 - -29)?
10
What is the value of -11 + (15 - (-8 - -7))?
5
What is the value of 8 + 0 + (264 - 276)?
-4
1 + 3 + -3 + 7 + (-21 - -16)
3
What is the value of (-48 - -48 - (2 - (-4 - 0))) + -4?
-10
What is the value of -12 + -40 + 47 + (2 - (-1 + 2))?
-4
What is (-8 + 13 - -6) + -5?
6
Evaluate (10 - (-23 - -24)) + 0 + -11.
-2
What is the value of 7 + (8 - 4) + -19?
-8
What is the value of -1 + -13 - -10 - -21?
17
What is 39 + -5 + -3 + (1 - 6) - 8?
18
-249 - -240 - (4 - 1)
-12
What is -26 - (17 - 22 - 29)?
8
What is 5 + -9 + (-49 - -40)?
-13
Evaluate -9 + 18 + (-8 - -7).
8
1 - (3 + (15 - (18 + -9))) - -3
-5
What is -26 + 27 + 18 + -22?
-3
26 + (-11 + 28 - 28 - -16)
31
Evaluate -1 + (0 - -6) - ((8 - 0) + -14).
11
Calculate 48 - (2 - -42) - (-11 - -1).
14
What is the value of (-404 - -363) + 63 + -1?
21
Calculate 13 + -4 + 4 + 0 + -2.
11
Calculate (-15 - -33) + 21 - 12 - -1.
28
What is the value of 2 + (-32 - -9) + 28?
7
What is (7 - 1) + (6 - (-9 + -3 - -35))?
-11
-30 - -21 - (-8 + -3)
2
What is the value of 51 + -37 + 0 + -3 + 8?
19
Calculate (0 - ((-11 - 6) + 9)) + -12.
-4
Evaluate (-1 - (0 - 20)) + (8 + -5 - 5).
17
What is the value of 9 - (7 + (-32 - (-8 + 9)))?
35
Calculate -14 + 16 + -16 + 25.
11
Evaluate -31 + 18 + 6 + 9 + -1.
1
What is the value of (-114 - -126) + (-28 - 0)?
-16
What is -1 + 0 + -3 + (1 + -27 - -28)?
-2
Calculate -5 - 1 - (-12 - (9 - (-10 + 14))).
11
(1 - (14 - 6)) + 9 - 6
-4
Evaluate 20 + (6 - 20) + (-16 - -1).
-9
Calculate (-5 - -11) + -20 + (52 - 1).
37
What is the value of (-94 - -85) + 2 + -10?
-17
Calculate (0 - 55) + (-324 - -358).
-21
What is the value of -6 - (9 + (4 - 7 - 6))?
-6
-299 + 302 + (-4 - -1)
0
Calculate -20 - -2 - (-380 + 351).
11
Evaluate -13 + -4 + 2 - (-33 + 62 + -28).
-16
Calculate 5 + 2 + (1 + -9 - (1 + -3)).
1
Evaluate 0 + -2 + 5 - (-11 + 30 - 37).
21
Evaluate (-17 - 1) + 10 + -2 + -7.
-17
What is the value of -30 + (101 - 90) - (-15 + 0)?
-4
What is the value of (259 - 276) + -1 + 2?
-16
Evaluate 1 - 0 - -1 - -2 - 3 - 2.
-1
What is the value of (240 - 236) + 6 + -4 + 1?
7
What is (-1 - 1) + -1 + -15 - (-1033 - -1029)?
-14
2 + (-12 + -6 - (-4 + -3 + 0))
-9
Calculate 236 + -238 - (11 - 0).
-13
What is 